ive c(-6).
35
Let d(a) = 3268*a - 2189556. Determine d(670).
4
Let z(n) = 2*n**3 - n**2 + 53*n + 1429. Determine z(0).
1429
Let f(r) = r**2 + 332*r - 30598. Determine f(77).
895
Let f(i) = 66*i**2 - 78*i + 106. What is f(2)?
214
Let c(w) = 518*w**2 - 765605*w + 1454. Determine c(1478).
-24
Let y(j) = 9*j**2 - 440*j + 271. Determine y(49).
320
Let s(k) = k**2 - 219*k - 9332. Determine s(255).
-152
Let x(z) = 6*z**3 - 9*z**2 + 44*z + 91. What is x(-7)?
-2716
Let t(q) = -314937*q - 7243557. What is t(-23)?
-6
Let w(s) = 199111*s + 2588477. Give w(-13).
34
Let q(f) = -241916*f - 10644309. Calculate q(-44).
-5
Let o(v) = 21*v**2 - 103*v + 27. Give o(11).
1435
Let m(y) = -15*y**2 - 5173*y + 64243. Calculate m(12).
7
Let r(z) = -66*z + 23. Calculate r(5).
-307
Let m(y) = y**2 + 119*y - 631. Give m(-124).
-11
Let g(u) = 722*u + 8437. What is g(-8)?
2661
Let k(u) = 2*u**2 + 683*u - 86175. Determine k(98).
-33
Let l(u) = 55*u**3 + 3024*u**2 + 136*u + 10516. Determine l(-55).
11
Let i(r) = 4*r**3 - 328*r**2 - 11*r + 898. Calculate i(82).
-4
Let d(w) = -1232*w + 704697. Give d(572).
-7
Let a(w) = -1501*w + 3006. Give a(0).
3006
Let l(q) = 2060*q + 10180. Calculate l(-5).
-120
Let f(j) = 8*j**3 + 103*j**2 - 30*j + 121. Give f(-14).
-1223
Let y(a) = 40*a**3 - 2*a**2 - 18*a + 49. Give y(2).
325
Let a(s) = 72*s**2 - 6100*s - 109994. Calculate a(100).
6
Let c(q) = -48*q**2 + 966*q - 99. Calculate c(20).
21
Let l(q) = -50*q**2 + 158*q - 88. Determine l(2).
28
Let o(z) = -z**2 + 302*z + 7468. What is o(325)?
-7
Let q(h) = -309*h**2 + 2223*h - 23. Give q(8).
-2015
Let f(y) = 26*y**2 + 9823*y + 39174. Calculate f(-4).
298
Let f(s) = -203855*s - 3465541. Determine f(-17).
-6
Let s(k) = 32*k**3 + 19*k**2 + 14*k - 16. Determine s(-3).
-751
Let m(o) = o**3 + 361*o**2 - 43*o - 15521. Determine m(-361).
2
Let k(v) = 312*v - 93634. Give k(302).
590
Let r(z) = -98*z - 3123. Give r(-36).
405
Let q(o) = o**2 - 716*o - 81602. Determine q(-100).
-2
Let a(k) = 142*k**2 - 32*k + 4. Give a(2).
508
Let n(j) = j**3 + 3*j**2 + 4*j + 174. What is n(-6)?
42
Let d(k) = 2239*k - 7186. Determine d(3).
-469
Let t(a) = a**3 - 429*a**2 - 10856*a - 7250. What is t(453)?
-2
Let z(q) = q**3 + 582*q**2 - 50*q - 366609. Determine z(-581).
2
Let r(o) = o**3 - 1064*o**2 - 58057*o + 27879. Give r(1116).
-21
Let x(l) = 718*l + 217203. Give x(-303).
-351
Let d(v) = 660*v + 555800. What is d(-842)?
80
Let z(x) = -22*x**2 + 131*x + 563. Calculate z(9).
-40
Let n(d) = -2*d**2 - 78*d + 138. What is n(-14)?
838
Let x(r) = -5*r**3 + 5*r**2 + 184*r + 59. Calculate x(-7).
731
Let j(k) = -42*k**3 - 43*k**2 - 114*k - 68. What is j(-1)?
45
Let v(h) = -h**2 + 404*h - 88. Calculate v(0).
-88
Let v(l) = 3*l**3 - 22*l**2 + 1836*l - 16539. Determine v(9).
390
Let b(h) = 57*h - 5634. Give b(114).
864
Let t(i) = -2*i**2 - 217*i - 5395. Give t(-43).
238
Let m(f) = -305*f + 100342. What is m(325)?
1217
Let v(r) = 2*r**2 - 30066*r - 120279. What is v(-4)?
17
Let w(y) = 17877*y - 679329. Determine w(38).
-3
Let r(l) = 12795*l - 51181. Give r(4).
-1
Let k(h) = 321762*h + 13192229. Determine k(-41).
-13
Let p(j) = 657*j**2 + 23669*j + 183. Calculate p(-36).
-429
Let c(f) = 39*f**2 - 2063*f - 271. Determine c(53).
-59
Let a(f) = 2*f**2 - 99*f + 1732. Give a(27).
517
Let k(y) = -2*y**3 + 42*y**2 - 33*y - 73. What is k(-1)?
4
Let q(f) = 488*f + 138068. What is q(-283)?
-36
Let p(s) = -3517*s + 73865. Determine p(21).
8
Let l(p) = p**3 - 13*p**2 - 1381*p + 24820. Give l(20).
0
Let l(b) = -b**3 - 8*b**2 + 218*b + 1118. What is l(-5)?
-47
Let n(y) = -4*y**2 - 241*y + 283. Give n(-63).
-410
Let j(y) = y**2 + 169*y - 6746. Give j(-200).
-546
Let w(p) = p**3 - 1597*p**2 + 20629*p - 384. Give w(13).
97
Let a(j) = -101452*j - 101443. Calculate a(-1).
9
Let j(n) = n**3 - 44*n**2 + 459*n + 164. What is j(18)?
2
Let q(f) = 6524*f + 13038. What is q(-2)?
-10
Let l(v) = -3818*v - 129822. What is l(-34)?
-10
Let k(j) = 3112*j + 485450. Determine k(-156).
-22
Let u(a) = -a**3 - 3*a**2 + 48*a + 171. Calculate u(-4).
-5
Let b(n) = -3*n**2 + 551*n + 14982. Calculate b(-25).
-668
Let m(i) = 14968*i + 74838. Determine m(-5).
-2
Let d(k) = 169970*k - 1019754. Determine d(6).
66
Let d(i) = -29*i**2 - 182*i + 562. Calculate d(3).
-245
Let n(c) = 4*c**3 - 47*c**2 + 21*c - 7. What is n(10)?
-497
Let w(r) = 22*r**2 + 908*r - 1299. What is w(-43)?
335
Let b(k) = 14275*k - 29110. Give b(2).
-560
Let j(x) = 62*x**3 + x**2 + 18*x. What is j(-2)?
-528
Let j(k) = 15*k**3 - 140*k**2 - 2476*k - 14. What is j(-9)?
-5
Let n(x) = 28*x**2 - 29322*x + 58648. Give n(2).
116
Let d(u) = -2600*u + 571958. What is d(220)?
-42
Let d(v) = -2*v**2 + 37534*v + 1316158. Give d(-35).
18
Let f(g) = -445*g - 5385. Determine f(-12).
-45
Let c(u) = 6*u**2 - 313*u - 17449. Calculate c(86).
9
Let c(o) = 13*o**2 + 3972*o + 107452. Calculate c(-30).
-8
Let l(i) = i**3 - 55*i**2 + 164*i - 3287. Determine l(53).
-213
Let v(g) = g**2 + 3*g - 2115. Give v(29).
-1187
Let f(z) = -z**3 + 71*z**2 - 37*z - 1801. Give f(70).
509
Let z(v) = 3*v**3 - 20*v**2 + 89*v + 529. Calculate z(-3).
1
Let f(d) = 4*d**3 + 95*d**2 + 75*d - 89. Give f(-23).
-227
Let p(w) = 19*w**2 + 724*w - 76. Give p(-39).
587
Let j(o) = 32*o**2 + 51318*o + 137672. Determine j(-1601).
-14
Let b(x) = 72523*x + 3698660. Calculate b(-51).
-13
Let l(j) = j**3 + 237*j**2 - 208*j - 1. Calculate l(0).
-1
Let p(q) = -q**3 - 536*q**2 - 562*q - 14732. Give p(-535).
-287
Let n(o) = -o**3 - 91*o**2 + 2102*o - 2527. What is n(18)?
-7
Let d(p) = 7359*p**2 - 14785*p + 31. Determine d(2).
-103
Let v(q) = -39*q**2 + 4845*q - 105. Calculate v(124).
1011
Let l(x) = 20519*x + 82107. Determine l(-4).
31
Let n(l) = 9*l**2 - 576*l - 1209. What is n(66)?
-21
Let j(i) = 57*i**2 + 1577*i - 10070. Determine j(-33).
-38
Let o(x) = -2*x**2 + 476*x - 24036. Calculate o(165).
54
Let l(w) = -3*w**3 - 414*w**2 - 401*w + 1379. What is l(-137)?
9
Let p(d) = 24*d**2 - 1144*d + 1878. Determine p(46).
38
Let x(s) = -s**2 + 2373*s + 448794. Calculate x(-176).
170
Let h(n) = 63*n**2 - 103*n - 239. Determine h(-2).
219
Let j(f) = f**3 + 33*f**2 - 228*f - 365. What is j(8)?
435
Let d(l) = -2316*l**2 + 9307*l - 153. Give d(4).
19
Let d(k) = k**2 - 21309*k + 425841. What is d(20)?
61
Let z(f) = 4*f**3 - 45*f**2 + 5698*f - 68815. What is z(12)?
-7
Let j(m) = 4312*m - 22864. Calculate j(6).
3008
Let i(b) = b**3 + 5*b**2 - 20419*b - 122516. Calculate i(-6).
-38
Let u(b) = 38546*b + 115630. Determine u(-3).
-8
Let x(n) = -n**3 + 67*n**2 - 279*n - 169. Give x(5).
-14
Let f(d) = 401*d + 24835. Calculate f(-62).
-27
Let i(d) = 23112*d + 277376. Determine i(-12).
32
Let g(p) = -p**2 + 9950*p + 159615. Determine g(-16).
159
Let v(n) = -2*n**3 + 85*n**2 + 49*n + 18. Give v(43).
276
Let v(u) = -167443*u - 32986271. Determine v(-197).
0
Let l(x) = 3*x**3 - 254*x**2 - 94*x + 1160. What is l(85)?
395
Let d(g) = -1881*g - 359200. Calculate d(-191).
71
Let v(f) = -76*f**3 + 3*f**2 - 50*f - 117. What is v(-2)?
603
Let v(x) = 386*x**2 + 1928*x - 2. Calculate v(-5).
8
Let k(l) = -l**2 + 634*l + 128958. Give k(-162).
6
Let o(r) = 1130*r**2 - 434*r - 434. Determine o(-1).
1130
Let f(d) = -d**2 + 160*d + 1464. Calculate f(169).
-57
Let a(r) = 1680*r + 28550. Determine a(-16).
1670
Let o(y) = -6114*y - 189700. What is o(-31)?
-166
Let o(c) = 1737*c**2 + 225812*c + 263. What is o(-130)?
3
Let f(j) = -j**3 - 11*j**2 + 42391*j + 508548. Calculate f(-12).
0
Let y(l) = -l**3 - 16*l**2 + 301*l + 4250. Determine y(-12).
62
Let b(x) = -16*x**3 - 526*x**2 + 81*x + 437. Give b(-33).
-58
Let g(v) = -2*v**2 + 1070*v - 132002. Determine g(342).
10
Let x(f) = 4*f**2 + f - 41. Give x(-8).
207
Let m(h) = h**2 + 149*h + 2677. What is m(-121)?
-711
Let f(d) = -3*d**2 + 94*d + 1864. What is f(-17)?
-601
Let r(v) = 125*v**2 + 123*v + 70. What is r(-2)?
324
Let r(z) = 215667*z + 19841369. Determine r(-92).
5
Let q(d) = -2*d**3 + 81*d**2 + 147*d - 851. Determine q(42).
31
Let a(o) = 3*o**2 + 10*o - 190. What is a(6)?
-22
Let i(k) = 57*k**2 + 16422*k + 1560. Determine i(-288).
-168
Let x(w) = -w**3 - 66*w**2 + 501*w - 727. Give x(-73).
3
Let k(b) = -b**3 - 209*b**2 - 3261*b + 457. What is k(-192)?
-119
Let n(r) = 6143*r + 27. Determine n(0).
27
Let y(z) = -123*z + 4023. Calculate y(38).
-651
Let s(r) = -265